s the value of 3 - ((-3 + 14 - 6) + 0)?
-2
Calculate -2 - ((2 - 5) + (-4 - -6)).
-1
-2 - (3 - 4 - 1)
0
What is -7 + 1 - (-4 - -3)?
-5
(9 - 4) + -4 + 4 + -3
2
-3 + -2 + 5 - (6 - 1)
-5
What is the value of 5 - (-3 + 7 - (-1 + -1))?
-1
Calculate (-2 - 2) + (-3 - (-5 - 4)).
2
Evaluate -6 + (2 - -2) + -1.
-3
Evaluate 0 + -2 - (-3 + 5 - 7).
3
Evaluate -2 - (0 - 1 - 0).
-1
What is the value of 0 + 1 + -2 + (-9 - -3)?
-7
Evaluate (-6 - (-5 - (3 + -9))) + 4.
-3
Evaluate 4 + -2 + -2 + -5 + 5.
0
What is the value of -6 + (12 - (6 + 0))?
0
Calculate -13 + 14 + (9 - 13).
-3
What is the value of (-2 - -3) + (8 - 9 - -9)?
9
Calculate 4 + 1 + (-8 - (-12 + 6)).
3
-3 - (-4 + -5) - 4
2
Calculate 1 - 3 - (3 + 0 + -5).
0
What is the value of (-3 - (-10 - -3)) + -2?
2
What is the value of 4 + -4 - (1 + 1 + -6)?
4
Calculate -3 - -1 - (4 - (6 - 4)).
-4
What is (1 - (6 + -9)) + -7?
-3
Evaluate 3 + (-1 + 1 - -2 - 0).
5
Evaluate 6 - 8 - (9 - (5 - 1)).
-7
-13 + 2 + (-17 - -22)
-6
What is (1 - 7) + -6 + 7?
-5
Calculate -45 + 50 + 1 + -12 + 0.
-6
3 + 6 + -5 - (1 - 1)
4
(23 - 28) + 0 + 5
0
What is (6 - 7) + 5 + 2 - 0?
6
Evaluate -6 + -1 + -9 - -10.
-6
Evaluate -8 + 13 - (-2 + 16).
-9
Calculate -3 + (5 - 0 - 0).
2
(5 + -3 + 0 - 0) + -5
-3
What is -3 + (-5 - -4 - 0) + 5?
1
Calculate 2 + 0 + -42 + 39.
-1
What is the value of (-4 + -3 - (0 - 1)) + 12?
6
(-2 - -4 - 4) + -2
-4
-6 + 1 - ((-6 - -10) + -7)
-2
What is the value of 1 + (2 - 3) + (-15 - -15)?
0
What is (-3 - (-9 + 1)) + 0?
5
0 - -3 - (6 + 3) - -2
-4
(17 - 7) + -8 + -4
-2
Calculate 3 + 7 - (16 - 0).
-6
What is 4 - 6 - -6 - 1?
3
Calculate -8 + 1 + 133 + -126.
0
What is (11 + -4 - 5) + -6?
-4
Calculate 9 - ((5 - -20) + -8).
-8
(-8 - (0 - 5) - -8) + -10
-5
Calculate -1 - -4 - (2 + 0) - -4.
5
What is (0 - (-2 - -4)) + 6?
4
Calculate 5 + (7 - 9) - (2 - -8).
-7
-14 + (-1 - -17) - (1 - -2)
-1
What is -3 + 4 + -1 + -4 + 3?
-1
What is (19 - 18) + 1 + 3?
5
Evaluate (1 + 0 - 4) + (1 - -7).
5
Evaluate (-2 + -9 - (0 - 6)) + 9.
4
Evaluate -11 - 0 - (-46 - -37).
-2
Calculate -11 + -1 + 8 + 5.
1
Evaluate 1 + 3 + -2 + (9 - 16).
-5
Evaluate 0 - (-11 + -3) - 21.
-7
-8 + (1 - 4 - (-3 + -4))
-4
What is the value of (0 - (4 - 3)) + -4 + 5?
0
What is 10 - (7 - (-6 + 6))?
3
Evaluate 5 + (-3 + 6 - (2 - -3)).
3
What is the value of -8 - (7 - (5 - 6) - 8)?
-8
What is -6 - (-6 - 0) - -5?
5
-12 + 6 + 7 - 4
-3
Calculate -3 - (-4 + (11 - 10)).
0
8 - (8 - 5) - (4 - 2)
3
Evaluate -2 - -17 - (25 - 10).
0
What is 11 + (10 - (21 - -1))?
-1
Calculate 7 + (-11 - -2) - (3 - 0).
-5
(0 - (-2 - 1)) + (-3 - 0)
0
(3 + -4 - -1) + -1
-1
Evaluate -22 + -12 + 41 + -5 + 0.
2
Evaluate -9 - 0 - -7 - (-3 - -1).
0
What is 5 + (3 - (-1 + 2 + 6))?
1
What is the value of -7 - (3 + -9) - (7 + -8)?
0
Evaluate (4 - (-2 - -2)) + 2.
6
0 + -2 - (-97 + 103)
-8
What is the value of 8 + -4 + -4 - 0?
0
2 + (4 + 1 - 3)
4
What is the value of -13 + 20 - 14 - -7?
0
4 - 0 - (0 - -2)
2
What is -22 + 19 - (0 + (2 - 3))?
-2
Evaluate 0 - (4 - 2) - (2 - -4).
-8
Evaluate (-6 - -13) + -1 - (1 - -3).
2
Calculate -6 + (-2 - 0) + 7.
-1
Calculate 14 + -24 + (17 - 1).
6
What is the value of (-5 - -1) + 5 + -8?
-7
Evaluate 6 + (3 + -3 - 4).
2
Calculate 2 - (3 - (0 + 5 - 9)).
-5
6 - (-2 + -2 - (-2 - 2))
6
What is the value of -1 + -3 + 6 + (5 - 2)?
5
(-6 - -2) + 1 + 1 + 3
1
Evaluate (-12 + 5 - 2) + 6.
-3
What is -7 - (7 - 5) - -7?
-2
What is 1 - (-3 + -1 + 1 + 4)?
0
Calculate 0 - (-2 + 4 + -7 - -4).
1
What is the value of 0 + -2 + (5 - (-3 - -3))?
3
Calculate (-136 - -137) + (0 - -4).
5
What is -4 + -3 + -7 + 7?
-7
10 + (0 - 1) - 4
5
Calculate (0 - -2) + 3 + -6.
-1
What is the value of -9 + 13 + -5 - 2?
-3
What is -40 + 39 + 4 + -1?
2
-7 - (6 - 8) - -1
-4
What is the value of (6 - -1) + (0 - 8)?
-1
Evaluate (2 - (6 + -2 + -3)) + -1.
0
What is -10 - (-20 - (-10 - 1))?
-1
What is the value of 9 - (-11 - -9) - 4?
7
(6 - (-3 - (-3 - -1))) + -17
-10
What is the value of 0 - (-9 - 0 - -5)?
4
-5 + 14 - 2 - (5 - 1)
3
Calculate -1 - ((6 - 4) + 1 - 4).
0
What is 1 - 4 - (-3 + (2 - 2))?
0
What is (4 + 6 - 19) + 7?
-2
(2 - -5) + (14 - 17) - 2
2
-10 + (1 + 7 - 1)
-3
What is the value of 6 + 0 - (-2 - (-6 - -7))?
9
What is -2 + -1 - (16 + 15 + -34)?
0
What is the value of 1 - 1 - (2 + -7)?
5
4 + (3 - 5) + 2
4
Calculate 6 + (-11 - -8) - (-1 + 4).
0
What is -5 + -2 + 3 - (-3 + -4)?
3
What is the value of -3 - (-2 - 3 - (-9 + 2))?
-5
What is -8 + (8 - (2 + 0))?
-2
4 - (-4 - (-1 - 2))
5
What is the value of -4 - (-11 - -6) - (0 + -2)?
3
What is the value of (-10 - (12 - 13)) + 0?
-9
Calculate -5 - (-2 + (-10 - -5)).
2
-1 + 3 + -1 + 0 + -4
-3
What is -1 - (-4 + -1 + -1 + 7)?
-2
Evaluate (-5 - (0 - -2)) + (-174 - -177).
-4
What is the value of (1 - -1) + (1 - (-1 + 0))?
4
-6 + 6 + -5 + 2 + -1
-4
What is the value of -2 + 10 + 3 + -4?
7
Calculate 1 + 0 - (43 + -37).
-5
What is -2 + 0 - (0 + 0 - 4)?
2
What is the value of 2 + -6 + -1 + (8 - 1)?
2
Calculate -7 + 1 + 7 - 1.
0
What is the value of -2 + (4 - (-3 - 1 - -8))?
-2
What is 49 - 46 - (-2 + 5 + -2)?
2
Calculate -59 - -59 - (-1 - -6 - 0).
-5
Calculate -11 - -2 - (-3 + 3 + -6).
-3
What is the value of (-2 - 2) + -12 + 13?
-3
Calculate (-10 - (-1 + 4)) + 6.
-7
What is the value of 8 + (-4 + -3 - -4)?
5
Calculate -1 - ((2 - 1) + 0).
-2
Evaluate (-6 - -8 - 1) + 0 + 4.
5
Evaluate -1 + 2 - (-5 + 3).
3
-15 - -20 - 10 - (-8 + 0)
3
What is the value of 5 + 0 + 1 + -2?
4
What is the value of 0 + 2 + (-3 - -4)?
3
What is 16 + -14 + (-4 - 4)?
-6
Calculate -1 - -1 - (0 - -3).
-3
What is -5 + 0 - (17 + (14 - 33))?
-3
Evaluate 2 + 1 - (4 + -6 - -10).
-5
What is the value of (7 - 5) + 0 - -3?
5
-1 + -6 + 6 + 1 + 1
1
What is the value of -6 + 1 - (23 + -23)?
-5
What is -10 + 6 - (1 + -2 - 0)?
-3
Evaluate (-7 - 0) + -43 + 46.
-4
Calculate (4 + -8 - -8) + 5.
9
Evaluate -5 + (1 + -6 - -4) + 10.
4
0 - -2 - (3 + -1)
0
What is -1 + (4 - -3) + -9?
-3
Calculate (-1 - 2) + -1 + (-74 - -84).
6
Calculate -2 + (-1 - (-5 + 0)).
2
What is the value of -11 + (5 + -9 - -9)?
-6
Calculate 2 - ((-1 - -3) + 0).
0
What is the value of (-15 - -20) + (2 - 3) + 1?
5
What is the value of -6 - ((-4 - -6) + -12)?
4
What is -15 - (-4 + (-7 - (-6 + 2)))?
-8
What is the value of -6 - (-7 - 11) - 7 - 13?
-8
Evaluate -5 - (-3 - -1 - 4).
1
What is the value of (-8 - -10) + 3 - 1?
4
Evaluate 5 + (-3 - (4 - 0)).
-2
What is -4 - (1 + -2 + (-3 - 0))?
0
What is the value of -4 + -5 + (9 - 2)?
-2
What is (-6 - -11) + (-14 + 5 - -1)?
-3
Calculate -10 - ((-8 - -2) + 0).
-4
60 - 56 - (-2 - -10)
-4
13 + -11 - (9 - 11)
4
What is 0 + -7 + -2 + 8 + -3?
-4
Evaluate -2 - ((2 - 2) + (2 - 8)).
4
Evaluate 0 - (16 - (2 - -1)) - -6.
-7
Evaluate 4 - ((10 + -5 - 7) + 7).
-1
Calculate 0 + 9 + -3 + -5.
1
(-2 + 1 - 0) + -1 + 3
1
Calculate 7 - (-3 + (3 - 3) - -3).
7
10 + (-4 - 2) + -10
-6
(22 - 24) + 0 + -1
-3
What is the value of 4 - ((-3 - -4) + -1)?
4
Evaluate -5 - -1 - (9 - -8 - 12).
-9
7 - ((9 - 9) + 7)
0
What is the value of -4 - -3 - (-3 + -2)?
4
What is -8 + 2 + 3 - -1?
-2
What is (10 - (-7 + 13 + 0)) + 3?
7
What is the value of 47 + -48 - (1 + -1 - -1)?
-2
What is the value of 1 - 8 - (3 - (6 + -2))?
-6
Calculate 1 + -1 - ((-8 - -11) + -4).
1
What is -4 + 2 + -3 + 5?
0
Evaluate 7 - (3 + 3 + 2).
-1
Calculate -2 - (-5 - -1) - (9 + -5).
-2
What is the value of 35 - 31 - (3 - 2)?
3
2 + 2 + -8 - -6
2
What is the value of 0 + 3 - (-16 - -17)?
2
Evaluate 2 + -2 + -1 + (2 - -1).
2
What is (-7 - -9) + (-7 - -2)?
-3
What is 3 + (-5 - 3) - (-5 - -3)?
-3
Calculate (0 - -5) + -1 + (-11 - 1).
-8
Calculate (2 - -10) + (-8 - 0).
4
17 + -10 + 1 + -18
-10
What is the value of (3 - 1) + (2 + -3 - -6)?
7
What is the value of 3 - (1 - -1 - -5)?
-4
What is the value of -9 + (22 - 10) + -7?
-4
-4 - (11 - (10 - 3))
-8
-1 + 0 - 1 - (6 + -14)
6
What is (78 - 77) + (1 + -7 - -1)?
-4
Calculate 8 - (0 + (-5 - -9)).
4
What is the value of -58 + 45 - (-11 + -1)?
-1
Calculate -1 + -1 - (-3 + -11 + 13).
-1
Calculate 1 + 1 + (21 - 17).
6
Calculate 1 + 0 - ((1 - -1) + 3).
-4
Evaluate 0 + (11 - 4) + -6.
1
Calculate (3 - 2) + -9 + 5.
-3
What is the value of -4 + (7 - (4 - 0))?
-1
-11 + (28 - 9) + -8
0
What is -1 - (2 + -5) - 8?
-6
-6 + (0 - 1 - (-12 - -7))
-2
What is (-8 - 2) + (26 - 24) + 0?
-8
Evaluate 0 - 3 - -2 - 1.
-2
What is (-2 - (2 - (-1 - 5))) + 2?
-8
What 